 + 6 + 7*l + 8 - 8 - 2*l**2. Give p(8).
0
Let c(u) be the third derivative of u**5/60 - 5*u**4/24 - 3*u**3/2 + 484*u**2. Calculate c(4).
-13
Suppose -334 = -26*p - 48. Let o(z) = z**2 - 8*z - 9. What is o(p)?
24
Let b(t) be the second derivative of -t**4/12 - 2*t**2 - 5*t. Let i be 1 + 1 - (0 + 2). Suppose 3*a + i*a = -9. What is b(a)?
-13
Let w(f) = -f**2 + 3*f + 4. Let d(q) = -q**2 - 7*q + 1. Let i be d(-8). Let v = i - 3. Let x be 1/(-5) - 52/v. Give w(x).
-6
Suppose -17*a + 60 = 3*a. Let s(w) = -w**3 + 4*w**2 - 3*w + 1. Give s(a).
1
Let p(y) = -3*y**2 + 3*y + 2. Let o be p(-1). Let w be ((-63)/18)/(2/o). Let i(l) = -2*l**2 - 8*l**2 + l + 4*l**2 - 5 + w*l**2. Calculate i(-4).
7
Suppose 17 = 7*y - 11. Let j(s) = -s - 3. Determine j(y).
-7
Let y be (-9)/(-18)*(1 - (1 - 0)). Let m(x) = x**3 + x - 5. What is m(y)?
-5
Let d(j) = 4*j**2 + 5*j - 1. Let i be d(-2). Let c(k) = -k**2 + 2*k + 12. Determine c(i).
-3
Let w(r) = -r + 1. Let u be w(4). Let l = 0 + u. Let x be 3 + 0*l/(-6). Let s(k) = k**2 - k - 3. Give s(x).
3
Let r(o) = o**3 - 4*o**2 + 3*o - 6. Suppose 4*w + 43 = -1. Let p = w + 11. Suppose 0 = 3*j, -2*b - 2*j + 1 + 7 = p. Calculate r(b).
6
Let c = 44 - 42. Suppose 5*p = 2*p + 90. Suppose c*r + 3*r = -p. Let l(x) = -x - 4. Determine l(r).
2
Let w = 7 + -23. Let i be (-44)/w + 3/12. Let h(r) = 7*r**2 + 5*r + 1. Let g(t) = 15*t**2 + 11*t + 2. Let v(x) = 6*g(x) - 13*h(x). What is v(i)?
-7
Suppose 0 = -2*p + 6, -8*q + 3*p = -9*q + 12. Let t(u) be the third derivative of -1/3*u**q + u**2 - 1/60*u**5 + 0 + 0*u + 1/8*u**4. Give t(3).
-2
Let b(a) = -a**3 - 5*a**2 - 2*a - 10. Let n(m) = 4*m**2 + 86*m + 37. Let j be n(-21). Give b(j).
0
Let y(b) = -4*b**2 + 2*b**2 + 0*b**2 + 2*b + 134 - 136. Let i = 47 + -75. Let s be (-4)/(-14) + (-76)/i. What is y(s)?
-14
Let g(s) = 0 - 5 + 3 - 4 + 2 - s. Calculate g(-4).
0
Let t(v) = -v - 9. Suppose 18*m + 126 = 36. Give t(m).
-4
Let n(z) = -3*z**2 + 3*z. Suppose -3*v = 2*g - 22, -8 = -3*v + 2*v - g. Suppose -2*i - 8 = -v*i. Calculate n(i).
-6
Suppose 3*x - 85 = -2*x. Let z = 19 - x. Let o(h) = 2 + h**3 + 0*h**2 + 3*h**3 - h**z - 1. Calculate o(-1).
-4
Let r(t) = -t - 5. Let j(y) = -5*y + 24. Let s(m) = j(m) + 5*r(m). Calculate s(1).
-11
Let o(c) = -5*c**2 - 4*c - 1. Let q(w) = 14*w**2 + 11*w + 3. Let u(p) = 11*o(p) + 4*q(p). Let m be (0 - -1)/(4/12). Suppose s - m = -0. Determine u(s).
10
Suppose 0*d = -d - 5*s - 6, -3*s = 6. Let l(x) = d + 2*x**2 - 3 + 0*x**2. What is l(-2)?
9
Let k(a) = -1 - 5 - 3*a - 2 - 1 + 8. Determine k(2).
-7
Let x = -27 - -18. Let s = -2 - x. Let z(p) = -s*p - 1 + 7*p + 4*p. What is z(1)?
3
Let k(t) = 0 + 6 - 4*t + 0 + 5*t. Give k(-11).
-5
Let a(r) = 3*r - 2*r**3 - 2*r + 3*r**2 + 3 + r**3. Suppose -2977 = -7*g - 2949. Give a(g).
-9
Let t(s) = s**2 + 4*s + 2. Let d be t(-4). Let c(k) = 3 + 3 - 2 - 1 - 3*k. Give c(d).
-3
Let m(o) = -o**2 + 2*o - 4. Let s be m(0). Let d(n) = 7*n**2 + 7*n - 9. Let p(j) = 10*j**2 + 10*j - 13. Let v(a) = 7*d(a) - 5*p(a). Give v(s).
-10
Let m(c) = -c**2 + 2. Let u be m(0). Let h(l) = -u - 4*l - 9*l**2 + 9*l**2 - l**2. Let k = -1 - 2. Determine h(k).
1
Suppose 10*g - 11*g = 3, -x + 2*g = -6. Let t(u) = u**2 + 2*u + 21. Calculate t(x).
21
Let s(l) = -3*l + 1. Let z(i) = 2*i - 1. Let u(q) = 3*s(q) + 5*z(q). Suppose 0 = 5*k + 7*k + 24. What is u(k)?
-4
Suppose 4*l + 2 = -2. Let j(m) = -45*m**2 + 43*m + 2. Let f(y) = 22*y**2 - 20*y - 1. Let c(v) = -13*f(v) - 6*j(v). What is c(l)?
-17
Let x(j) be the third derivative of -j**5/60 - j**4/8 + 7*j**3/6 + 7*j**2 - 1. What is x(-5)?
-3
Let h(f) = f**3 - 4*f**2 + f - 4. Let j(n) = 4*n + 12. Let w be j(-10). Let i be (w/(-7) + (-4 - -1))*3. Determine h(i).
-10
Let n(v) = v - 1. Let l = 13 + -7. Suppose -l*r + 2*r - 240 = 0. Let p be 8/10*r/8. Give n(p).
-7
Let v(j) be the third derivative of j**6/120 + 23*j**5/60 + 23*j**4/24 + 3*j**3 - 6*j**2 - 2. Determine v(-22).
-4
Let k = 143 - 141. Let x(p) = -3*p. Determine x(k).
-6
Let u(a) = -35*a - 168. Let j be u(-5). Let i(d) = d**3 - 7*d**2 + 6. Calculate i(j).
6
Let d(q) = -q - 3. Let w(m) = -3*m**2 - 12*m - 11. Let t be w(-3). What is d(t)?
-1
Let l = 20 - 19. Let u(y) = 1. Let d(q) = -q + 8. Let b(i) = l*d(i) - 4*u(i). What is b(7)?
-3
Let f(o) = 43 - 14 - o - 24. Calculate f(-6).
11
Let d(o) be the third derivative of 7*o**4/24 + 13*o**3/6 - 335*o**2. Calculate d(-3).
-8
Let a = -14 - -35. Let b = -18 + a. Suppose t + 11 = -3*p, 2*p = -t - b*t + 6. Let g(w) = w**2 + 5*w - 7. What is g(p)?
-7
Let u(k) = -4*k + 10. Let o(v) be the third derivative of v**4/24 + 26*v**2. Let b(h) = -5*o(h) - u(h). Give b(-11).
1
Let l(j) be the second derivative of -2*j**3/3 - 3*j**2/2 - 3*j + 6. Calculate l(-4).
13
Let j(n) = -n**3 - 5*n**2 - 10*n - 21. Let h(g) = 61*g + 118. Let v be h(-2). Calculate j(v).
3
Let n be ((-9)/(-2) + -4)*6. Suppose o + r = n, 4 = -5*o - r - 1. Let b(g) = -2*g**2 - 4*g. Let v be b(o). Let p(h) = h**2 - h - 1. What is p(v)?
-1
Let j be -1 + 3/5 - (-168)/20. Let x = j + -8. Let a(q) = -q**3 - q**2 + 5. Determine a(x).
5
Let g(i) be the third derivative of i**5/60 - i**4/3 + 3*i**3/2 + 15*i**2. Let l = -7 + 9. Suppose 0 = -0*p - l*p + 3*b + 15, -3*b + 21 = 4*p. Give g(p).
-3
Suppose 3*o = 3*d + 9, -2 = 5*d - 12. Let j(i) be the first derivative of -i**2 + 2*i - 2. Calculate j(o).
-8
Let b(z) = 4*z - 1. Let h(o) = -o**2 + 10*o + 43. Let t be h(13). Suppose d + 3*d - t = 0. Determine b(d).
3
Let j = -3 + 10. Let v(c) = -9*c + 2*c - j + 30. Let z(n) = -3*n + 11. Let f(h) = -2*v(h) + 5*z(h). Determine f(5).
4
Let t(s) = -3*s**3 + 4*s**2 + 3*s - 6. Let q(h) = -5*h**3 + 3*h**2 + 3*h - 7. Let z(r) = -2*q(r) + 3*t(r). Give z(-5).
6
Let n(g) = 17 - 821*g - 26*g**2 + 25*g**2 + 831*g. Calculate n(11).
6
Let f(z) = 3*z**2 - 25*z + 27. Suppose 0 = -7*i + 28 - 14. Let b(q) = -q**2 + 12*q - 13. Let u(a) = i*f(a) + 5*b(a). What is u(-11)?
0
Let x(z) = -4*z**2 + z - 1. Let o(n) = 63*n + 190. Let s be o(-3). Determine x(s).
-4
Let h(j) be the third derivative of j**5/15 - j**4/24 - j**3 + 18*j**2. Let a(g) = -9*g**2 + 2*g + 13. Let o(u) = -3*a(u) - 7*h(u). Let d = 11 - 8. Give o(d).
-3
Let l(r) = 4*r + 6. Let a be l(-1). Let s(y) = 25*y**2 - 20*y**a - 17*y**2. Calculate s(-1).
-12
Let d(c) be the second derivative of -c**5/20 + 5*c**4/6 - 4*c**3/3 - 9*c**2/2 - 142*c + 1. Determine d(9).
0
Let w(x) = x**3 - 2*x + 3*x**2 + 4*x + 3*x**2 - 3. Let z = 558 - 562. Determine w(z).
21
Let b(i) = i + 11. Suppose 5 = -3*x + s - 0, -s = 2*x + 5. Let c be -4*1*1/x. Suppose 0 = c*a - a. Determine b(a).
11
Let q(n) be the first derivative of -n**4/4 + 7*n**3/3 - n**2/2 - 14*n + 119. What is q(6)?
16
Let m(z) = 3*z**2 - 2*z - 2 + z**3 + 7*z**2 + 10*z + 8*z**2 - 9*z**2. Calculate m(-8).
-2
Suppose 0*q - 4 = 4*g - q, -2*q + 8 = -5*g. Let p(k) = 14*k**2 + 7*k**2 + g*k**2. Let w(i) = -4*i**2. Let h(f) = -2*p(f) - 11*w(f). Give h(-2).
8
Let m(z) = 4 - 1 + 14*z + 2 - 4. Let c(i) = -i**3 - i**2 + 3*i + 1. Let a(d) = d**2 - 4*d - 7. Let p be a(5). Let f be c(p). Calculate m(f).
-13
Let a(p) be the third derivative of -p**4/24 - 2*p**3/3 + 214*p**2. Let r(w) = w**2 - 7*w + 6. Let x be r(4). Calculate a(x).
2
Let x be 3/(5 + (-84)/18). Let f(g) = g**3 - 10*g**2 + 7*g - 4. Give f(x).
-22
Let n = 661 + -669. Let m(f) = -2 + f - f**2 - 4 - 9*f. Give m(n).
-6
Let n(d) = -3*d - 17. Let c(z) = -3*z - 8. Let w(i) = 3*c(i) - 2*n(i). What is w(9)?
-17
Let k(v) = -v**2 + 11*v - 10. Suppose 5*z + 5*m = 30, -6*m = 3*z - 7*m - 34. Give k(z).
0
Let u(l) = 4*l**3 + 2*l**2 - 2*l + 1. Let b = -311 - -312. What is u(b)?
5
Let k = -2 - -7. Let h(s) = 17*s**2 - 25. Let u be h(7). Let a(p) = 813 - p + 5*p**2 - u + 3*p**3 - 4*p**3. What is a(k)?
0
Let f(j) = -j**2 + 6*j + 6. Let z(y) = y**3 + 11*y**2 + 10*y + 20. Let s be z(-10). Suppose 5 = 5*i - s. What is f(i)?
11
Let w = 118 - 117. Let r(t) = -1. Let l(u) = -u**3 - 5*u**2 - u. Suppose 2*b + 2*f + 16 = 0, 2*b + 2*b + 36 = -5*f. Let c(j) = b*r(j) + w*l(j). What is c(-5)?
9
Let h(n) be the third derivative of n**4/24 - n**3/6 - 4*n**2. Let w = -65 - -64. Calculate h(w).
-2
Let h(w) = -2*w**2 - w + 2. Suppose 3*y = y. Let n be (y/(-1))/(-1) + 15. Suppose -7 = -3*a + 8, 5*c + n = a. Calculate h(c).
-4
Let f(m) be the third derivative of m**7/1008 + m**6/720 - 7*m**5/30 - m**2.